*h + 50 + n = -4*w, -5*h = -5*w + 160. Let g = h + 48. Is g a composite number?
False
Suppose 19 + 1 = 5*g + 5*y, -2*g + 13 = 3*y. Let c = g + 5. Suppose z + z - 31 = -s, 124 = c*s - z. Is s a prime number?
True
Let c(w) = -59*w + 42. Is c(-5) a prime number?
True
Suppose 0 = -r + 6*r + 940. Let u = 15 - r. Is u composite?
True
Let r = -1178 + 1820. Suppose 0*n = -3*n + r. Suppose 0 = -4*p + n + 62. Is p a composite number?
True
Let g(d) = -d**2 - 2*d + 3. Let l be g(6). Let o = -26 - l. Is o prime?
True
Let s = -3 - -4. Suppose -67 = -3*u - s. Is u composite?
True
Let k(m) = -m - 5. Let b be k(-9). Suppose b*g - 4*q = -5*q + 5, -3*g + 25 = 5*q. Suppose g = -t - y - 2*y + 66, 0 = t - 5*y - 26. Is t prime?
False
Suppose -s + 487 = -3*c, -5*s + 2*c + 672 = -1815. Is s a prime number?
True
Let u(p) = 8*p**2 + 2*p + 1. Is u(2) prime?
True
Is 5*(-2722)/10*-1 composite?
False
Let p(t) = t**2 + t - 5. Let u = -9 + 5. Is p(u) prime?
True
Suppose 6*m = 8*m - 746. Is m prime?
True
Let p = 11 + -4. Is p a composite number?
False
Suppose -5 - 114 = n. Let t = -64 - n. Is t prime?
False
Let h(f) = 7*f**2 - 3*f + 2. Let o(w) = 1. Let y(p) = h(p) - 5*o(p). Is y(-6) a composite number?
True
Let c = 143 + 60. Is c composite?
True
Let j(y) = y**3 - 3*y**2 + 2*y + 2. Let v be j(-3). Let r = -29 - v. Suppose 3*p - r = 4. Is p prime?
True
Suppose 0 = -2*s + 804 + 130. Is s prime?
True
Is 2 + -4 + (-3 - -1366) prime?
True
Let c(w) = 2655*w**2 + w - 1. Is c(-1) a composite number?
True
Let y(a) = 2*a**3 - 7*a**2 - 15*a + 5. Let l be y(7). Let s = l - -8. Is s a prime number?
True
Let f(m) be the second derivative of m**5/60 + m**4/24 + 5*m**3/6 + m**2 + m. Let p(s) be the first derivative of f(s). Is p(4) a composite number?
True
Let q(t) = -t**3 + 3*t**2 + 3*t + 4. Let i be q(4). Suppose 2*c - s - 4*s = -8, i = -3*c - 2*s - 12. Is c/(16/62)*-2 prime?
True
Let m be 1/(-2 + 30/16). Is (8 - -2)*(-12)/m prime?
False
Let t(f) = -2*f - 1. Let y be t(-3). Let n be 10*3*42/45. Let w = n + y. Is w prime?
False
Is (3/(-9))/(2/(-4326)) prime?
False
Suppose -2*i + 638 + 1142 = 3*x, -4*x + 1782 = 2*i. Is i composite?
False
Suppose -1553 = -4*o + 395. Is o a prime number?
True
Let h = -255 + 506. Is h prime?
True
Suppose 113 = 2*q + 7. Is q composite?
False
Suppose -3*g = g + 8. Let p = 4 + g. Is 73/p - (-2)/4 composite?
False
Suppose 2*o - 4*o + 6 = 0. Is -2 - o*14/(-2) a prime number?
True
Let i be 35/(-4) + (-2)/8. Let c = 19 + i. Is c composite?
True
Suppose 4*l + 2*v = v + 17, -l = 2*v - 6. Let o = -4 + 7. Suppose -3*h = o*b - 1116, l*h + 4 = -0*h. Is b a composite number?
False
Suppose -o + 2*o = 37. Is o a prime number?
True
Suppose -2*m - m + 6 = 0. Suppose m*j + 3207 = 5*j. Is j composite?
False
Let w be -2 + 3 + 1 + -2. Let m(o) = w - 3 + 0 - 6*o. Is m(-3) composite?
True
Let q(z) = 14*z**2 - 13*z - 64. Is q(-9) a composite number?
False
Let n(b) = b**3 - 7*b**2 + b - 5. Let q be n(7). Suppose q*m = m + 263. Is m prime?
True
Let r(q) = q**3 + 7*q**2 - 10*q - 12. Let f be r(-8). Suppose f*o - 35 = -o. Is o composite?
False
Let l be (7 - 9) + -21 + 0. Let i = l - -54. Is i a prime number?
True
Let o(c) = c**2 + 9*c - 8. Let q be o(-10). Let l(h) = 6*h + 2. Is l(q) prime?
False
Let y(g) = -6 + g - 1 - 1 + 4. Let t be y(3). Is 2 + (-1 - t) - -81 prime?
True
Is 6330/25 + (-1)/5 prime?
False
Let r be -1*(-155 + -2)*-2. Let n = 573 + r. Suppose -5*z + 3*z + n = 5*o, -5*z = -3*o - 632. Is z composite?
False
Let g = -5 - -8. Suppose -g*d + 21 = -147. Suppose -4*q - i + d = 0, 7*i = 3*i. Is q composite?
True
Let v(x) = -3*x - 16. Let g be v(-7). Suppose 2 = 2*q - 8, -g*t - 4*q = -1825. Is t a prime number?
False
Let c = 1807 + -888. Is c composite?
False
Let o = 2 + -3. Suppose -q = 3*c - 2*c + 8, -4*c - 17 = -q. Is (-3 - q) + o - -224 prime?
True
Let x(z) be the first derivative of z**2/2 - 3*z - 1. Let k be x(5). Suppose -k*y + 23 + 7 = 0. Is y composite?
True
Let s be 128/(-20) - 4/(-10). Is (-4)/s + (-1826)/(-6) a prime number?
False
Let o = 441 + -230. Is o a composite number?
False
Let k = 105 - -16. Is k a prime number?
False
Let f be (3/6)/((-2)/(-20)). Suppose 0*y - 3*y + 5*p = -24, p + 18 = f*y. Suppose -5*h = -4*k + k + 163, 158 = y*k - 4*h. Is k prime?
False
Suppose 2208 = 4*x + v, -5*x - 3*v = -2*v - 2760. Let y = x + -385. Is y composite?
False
Let u be (3 + 2)*24/(-10). Let t(y) = -2 - 15*y - 17*y - y**2 + 17*y. Is t(u) a prime number?
False
Let p(m) = -175*m - 8. Is p(-9) composite?
False
Suppose 0 = 5*u - 10*u - 20. Let f be (-954)/u - (-2)/(-4). Suppose -o - f = -3*o. Is o a prime number?
False
Suppose -g = g - 2. Suppose -2*d + 2*c + 198 = 0, d - 68 = -5*c + g. Is d prime?
False
Let v be 21 - (1 + 1 - 3). Let c be 40/v + 2/11. Suppose -3*i + 335 = c*i. Is i composite?
False
Suppose 1 = -4*l - 5*n - 8, 3*n = 4*l - 31. Suppose -3*y + 21 = -l*y. Let x = y - -40. Is x a composite number?
False
Let t(z) = -17*z - 5*z - 15*z + 2*z - 3. Is t(-2) a prime number?
True
Let k = 1 + -1. Suppose y = 4*y + 105. Is k + 2 + (1 - y) a composite number?
True
Let j = -9 - -15. Is (1 - -1)*93/j a prime number?
True
Let d(j) = -j**3 - 12*j**2 + 15*j + 8. Let n(w) = -w**3 - 11*w**2 + 14*w + 7. Let k(r) = -3*d(r) + 4*n(r). Let t be k(-9). Let y = t + 29. Is y a prime number?
False
Let l = -129 + 85. Let a = 171 + l. Is a composite?
False
Suppose 5 = v + 2*i, -i = -5*v - 2*i + 7. Let a be (v + -1 - 2) + 41. Let f = 18 + a. Is f composite?
True
Suppose 1704 = 2*w - 2*y + 430, 0 = -4*w + y + 2542. Is w composite?
True
Let z(n) = -n**3 - 2*n**2 - n + 1. Let y be z(-2). Suppose a = y*a - 6. Suppose -j = a*j - 364. Is j a composite number?
True
Let y = -6 + 27. Let l(b) = -3*b + 6*b + 1 - y*b. Is l(-2) prime?
True
Suppose 0*k + 5*k - 20 = 0. Suppose -d + 4*r + 15 = 3*r, -2*d + 35 = -3*r. Suppose k*o = d + 82. Is o a composite number?
False
Let j(x) be the first derivative of x**5/40 - x**4/2 - x**3/3 + 3. Let m(o) be the third derivative of j(o). Is m(9) composite?
True
Suppose 4*x = 3*i - 35, -i + 5 = 2*x - 5*x. Suppose -12*z = -i*z + 1585. Is z a composite number?
False
Let k be (46 - 4)*(-1)/(-2). Let b be (-6)/14 - (-72)/k. Suppose b*p = -p + 268. Is p a composite number?
False
Let g = 58 + 5. Suppose 5*m = -3*p + 190, -2*p - 2*m = -p - g. Is p composite?
True
Is (-1)/(-3)*-161*-3 composite?
True
Let j = 7 + -5. Let u(c) = 20*c**2 - c + 1. Is u(j) composite?
False
Let p(r) = 3*r**2 - 4*r + 3. Let l(w) = 4*w**2 - 5*w + 4. Let i(q) = 4*l(q) - 5*p(q). Let m be i(2). Suppose -m*b - 1 = -56. Is b prime?
True
Let b be (-2)/1 - (-1 + -1). Let j = b + 3. Suppose 0 = 3*s - 7*v + j*v - 199, -s = 4*v - 77. Is s prime?
False
Let f(z) = 2*z - 1. Let w be ((-3)/4)/(2/(-8)). Let l be f(w). Suppose 138 = l*q + 23. Is q a composite number?
False
Let s = 20 - 35. Let a = s + 92. Is a a composite number?
True
Let d be (0 - -3) + 0 + 0. Let z be ((-45)/6)/(1/(-4)). Suppose d*y - z = 63. Is y a composite number?
False
Suppose 4*t + 4*r = 3536, -5*r = -t - 2*r + 896. Is t a composite number?
False
Suppose 8 = 4*z - 3*l, -4*z + 0 = -2*l - 4. Is 125 + (-1 + -1)/z a prime number?
True
Let n be (-3)/(-12) - (-91)/4. Let k = -4 + n. Is k composite?
False
Let i = -253 + 448. Let z(x) = 3*x**3 - x**2 + 6*x + 6. Let l be z(5). Let s = l - i. Is s a composite number?
False
Suppose -3*c + 170 = -607. Is c a prime number?
False
Let j be ((-3)/9)/(3/(-27)). Suppose -j*g + 35 = -106. Is g a prime number?
True
Suppose -4*j - 7736 = -12*j. Is j a composite number?
False
Let o(f) = 28*f - 5. Suppose 0 = 3*g - 4 - 2. Suppose -3*y - 5*s = -38, -3*y = -0*y - g*s - 10. Is o(y) a composite number?
False
Let t = -7749 + 12538. Is t a composite number?
False
Suppose 19*k - 3836 = 15*k. Is k a prime number?
False
Suppose -3*r + 1059 - 77 = -4*o, -o - 663 = -2*r. Is r prime?
False
Suppose -25 = -9*v + 4*v. Suppose 4*o + 2313 = v*b, -o + 6 = o. Suppose -157 = 4*r - b. Is r a composite number?
True
Let z be (-2)/(-1 + (-3)/(-6)). Suppose z*r - 5*r = -5, 5*q = 2*r + 1075. Is q prime?
False
Suppose 3*c - 2*c = 4. Suppose 2*n - 4*n + 4 = 0. Suppose 0 = n*d - c*d + 86. Is d composite?
False
Suppose 5*z - 14 + 4 = -5*q, 0 = q + 3*z - 6. Suppose 2*t + 3*j - 523 = q, -t + 2*t - 239 = 3*j. Let x = t + -175. Is x composite?
False
Let g 